{"id":1198,"date":"2021-03-12T19:09:09","date_gmt":"2021-03-12T18:09:09","guid":{"rendered":"https:\/\/evosges.fr\/?page_id=1198"},"modified":"2024-12-03T08:46:39","modified_gmt":"2024-12-03T07:46:39","slug":"mentions-legales","status":"publish","type":"page","link":"https:\/\/evosges.fr\/index.php\/mentions-legales\/","title":{"rendered":"Mentions l\u00e9gales"},"content":{"rendered":"\n<p>Conform\u00e9ment aux dispositions des Articles 6-III et 19 de la Loi n\u00b02004-575 du 21 juin 2004 pour la<br>Confiance dans l\u2019\u00e9conomie num\u00e9rique, dite L.C.E.N., il est port\u00e9 \u00e0 la connaissance des utilisateurs de ce<br>site les pr\u00e9sentes mentions l\u00e9gales.<br>La connexion et la navigation sur le site par l\u2019utilisateur implique acceptation int\u00e9grale et sans r\u00e9serve<br>des pr\u00e9sentes mentions l\u00e9gales.<br>Ces derni\u00e8res sont accessibles sur le site \u00e0 la rubrique \u00ab Mentions l\u00e9gales \u00bb.<\/p>\n\n\n\n<p class=\"has-medium-font-size\"><strong>1 &#8211; Editeur<\/strong><\/p>\n\n\n\n<p>L&rsquo;\u00e9dition du site test est assur\u00e9e par la Commune d\u2019Evosges \u00e0 l\u2019adresse suivante : 271 rue du 6 et 7 f\u00e9vrier 1944 \u2013 01230 EVOSGES ayant pour coordonn\u00e9es : T\u00e9l\u00e9phone 04.74.38.55.60 ; Courriel : <a href=\"mailto:contact.marie@evosges.fr\">contact.mairie@evosges.fr<\/a><br>Responsables de la publication : Johan BOURDIN, Conseiller Municipal ; C. COGOLUEGNES.<\/p>\n\n\n\n<p class=\"has-medium-font-size\"><strong>2 &#8211; H\u00e9bergeur<\/strong><\/p>\n\n\n\n<p>L&rsquo;h\u00e9bergeur du site test est la Soci\u00e9t\u00e9 O2Switch, dont le si\u00e8ge social est situ\u00e9 Chemin des Pardiaux, 63000 Clermont-Ferrand.<\/p>\n\n\n\n<p class=\"has-medium-font-size\"><strong>3 &#8211; Objectifs et qualit\u00e9 du contenu<\/strong><\/p>\n\n\n\n<p>Ce site a pour objectif d\u2019informer le grand public, les administr\u00e9s, les professionnels et les m\u00e9dias.<br>L\u2019Editeur s\u2019efforce de fournir une information de qualit\u00e9 et v\u00e9rifi\u00e9e, toutefois si une information semble inexacte ou contient une erreur typographique, vous pouvez le signaler via l\u2019adresse courriel pr\u00e9sente au 1.<\/p>\n\n\n\n<p class=\"has-medium-font-size\"><strong>4 &#8211; Acc\u00e8s au site<\/strong><\/p>\n\n\n\n<p>Le site est accessible par tout endroit, 7j\/7, 24h\/24 sauf cas de force majeure, interruption programm\u00e9e<br>ou non et pouvant d\u00e9coulant d\u2019une n\u00e9cessit\u00e9 de maintenance.<br>En cas de modification, interruption ou suspension des services l\u2019\u00e9diteur du site ne saurait \u00eatre tenu responsable.<\/p>\n\n\n\n<p class=\"has-medium-font-size\"><strong>5 &#8211; Collecte des donn\u00e9es<\/strong><\/p>\n\n\n\n<p>Le site assure \u00e0 l&rsquo;Utilisateur une collecte et un traitement d&rsquo;informations personnelles dans le respect de la vie priv\u00e9e conform\u00e9ment \u00e0 la loi n\u00b078-17 du 6 janvier 1978 relative \u00e0 l&rsquo;informatique, aux fichiers et aux libert\u00e9s.<br>Pour en savoir plus, l\u2019Utilisateur peut se r\u00e9f\u00e9rer \u00e0 la politique de confidentialit\u00e9 publi\u00e9e sur le pr\u00e9sent site.<\/p>\n\n\n\n<p class=\"has-medium-font-size\"><strong>6 &#8211; Cookies<\/strong><\/p>\n\n\n\n<p>L\u2019Utilisateur est inform\u00e9 que lors de ses visites sur le site, des cookies techniques sont install\u00e9s automatiquement sur son logiciel de navigation pour assurer le bon fonctionnement du site.<br>Un cookie technique est un \u00e9l\u00e9ment qui ne permet pas d\u2019identifier l\u2019Utilisateur mais sert \u00e0 enregistrer des informations relatives \u00e0 la navigation de celui-ci sur le site Internet. L\u2019Utilisateur pourra d\u00e9sactiver ce cookie par l\u2019interm\u00e9diaire des param\u00e8tres figurant au sein de son logiciel de navigation. Il peut consulter la page relative aux cookies pour en savoir plus.<\/p>\n\n\n\n<p class=\"has-medium-font-size\"><strong>7 &#8211; Propri\u00e9t\u00e9 intellectuelle<\/strong><\/p>\n\n\n\n<p>Toute utilisation, reproduction, diffusion, commercialisation, modification de toute ou partie du pr\u00e9sent site, sans autorisation de l\u2019Editeur est prohib\u00e9e et pourra entra\u00een\u00e9e des actions et poursuites judiciaires telles que pr\u00e9vues par le Code de la propri\u00e9t\u00e9 intellectuelle et le Code civil.<\/p>\n","protected":false},"excerpt":{"rendered":"<p>Conform\u00e9ment aux dispositions des Articles 6-III et 19 de la Loi n\u00b02004-575 du 21 juin 2004 pour laConfiance dans l\u2019\u00e9conomie num\u00e9rique, dite L.C.E.N., il est port\u00e9 \u00e0 la connaissance des utilisateurs de cesite les pr\u00e9sentes mentions l\u00e9gales.La connexion et la navigation sur le site par l\u2019utilisateur implique acceptation int\u00e9grale et sans r\u00e9servedes pr\u00e9sentes mentions l\u00e9gales.Ces<a class=\"more-link\" href=\"https:\/\/evosges.fr\/index.php\/mentions-legales\/\">Lire la suite de <span class=\"screen-reader-text\">\u00ab\u00a0Mentions l\u00e9gales\u00a0\u00bb<\/span><\/a><\/p>\n","protected":false},"author":1,"featured_media":0,"parent":0,"menu_order":0,"comment_status":"closed","ping_status":"closed","template":"","meta":{"footnotes":""},"tags":[],"class_list":["post-1198","page","type-page","status-publish","hentry"],"jetpack_sharing_enabled":true,"_links":{"self":[{"href":"https:\/\/evosges.fr\/index.php\/wp-json\/wp\/v2\/pages\/1198","targetHints":{"allow":["GET"]}}],"collection":[{"href":"https:\/\/evosges.fr\/index.php\/wp-json\/wp\/v2\/pages"}],"about":[{"href":"https:\/\/evosges.fr\/index.php\/wp-json\/wp\/v2\/types\/page"}],"author":[{"embeddable":true,"href":"https:\/\/evosges.fr\/index.php\/wp-json\/wp\/v2\/users\/1"}],"replies":[{"embeddable":true,"href":"https:\/\/evosges.fr\/index.php\/wp-json\/wp\/v2\/comments?post=1198"}],"version-history":[{"count":5,"href":"https:\/\/evosges.fr\/index.php\/wp-json\/wp\/v2\/pages\/1198\/revisions"}],"predecessor-version":[{"id":2359,"href":"https:\/\/evosges.fr\/index.php\/wp-json\/wp\/v2\/pages\/1198\/revisions\/2359"}],"wp:attachment":[{"href":"https:\/\/evosges.fr\/index.php\/wp-json\/wp\/v2\/media?parent=1198"}],"wp:term":[{"taxonomy":"post_tag","embeddable":true,"href":"https:\/\/evosges.fr\/index.php\/wp-json\/wp\/v2\/tags?post=1198"}],"curies":[{"name":"wp","href":"https:\/\/api.w.org\/{rel}","templated":true}]}}

Mentions légales

<p>Conformément aux dispositions des Articles 6-III et 19 de la Loi n°2004-575 du 21 juin 2004 pour la<br>Confiance dans l’économie numérique, dite L.C.E.N., il est porté à la connaissance des utilisateurs de ce<br>site les présentes mentions légales.<br>La connexion et la navigation sur le site par l’utilisateur implique acceptation intégrale et sans réserve<br>des présentes mentions légales.<br>Ces dernières sont accessibles sur le site à la rubrique « Mentions légales ».</p>



<p class="has-medium-font-size"><strong>1 &#8211; Editeur</strong></p>



<p>L&rsquo;édition du site test est assurée par la Commune d’Evosges à l’adresse suivante : 271 rue du 6 et 7 février 1944 – 01230 EVOSGES ayant pour coordonnées : Téléphone 04.74.38.55.60 ; Courriel : <a href="mailto:contact.marie@evosges.fr">contact.mairie@evosges.fr</a><br>Responsables de la publication : Johan BOURDIN, Conseiller Municipal ; C. COGOLUEGNES.</p>



<p class="has-medium-font-size"><strong>2 &#8211; Hébergeur</strong></p>



<p>L&rsquo;hébergeur du site test est la Société O2Switch, dont le siège social est situé Chemin des Pardiaux, 63000 Clermont-Ferrand.</p>



<p class="has-medium-font-size"><strong>3 &#8211; Objectifs et qualité du contenu</strong></p>



<p>Ce site a pour objectif d’informer le grand public, les administrés, les professionnels et les médias.<br>L’Editeur s’efforce de fournir une information de qualité et vérifiée, toutefois si une information semble inexacte ou contient une erreur typographique, vous pouvez le signaler via l’adresse courriel présente au 1.</p>



<p class="has-medium-font-size"><strong>4 &#8211; Accès au site</strong></p>



<p>Le site est accessible par tout endroit, 7j/7, 24h/24 sauf cas de force majeure, interruption programmée<br>ou non et pouvant découlant d’une nécessité de maintenance.<br>En cas de modification, interruption ou suspension des services l’éditeur du site ne saurait être tenu responsable.</p>



<p class="has-medium-font-size"><strong>5 &#8211; Collecte des données</strong></p>



<p>Le site assure à l&rsquo;Utilisateur une collecte et un traitement d&rsquo;informations personnelles dans le respect de la vie privée conformément à la loi n°78-17 du 6 janvier 1978 relative à l&rsquo;informatique, aux fichiers et aux libertés.<br>Pour en savoir plus, l’Utilisateur peut se référer à la politique de confidentialité publiée sur le présent site.</p>



<p class="has-medium-font-size"><strong>6 &#8211; Cookies</strong></p>



<p>L’Utilisateur est informé que lors de ses visites sur le site, des cookies techniques sont installés automatiquement sur son logiciel de navigation pour assurer le bon fonctionnement du site.<br>Un cookie technique est un élément qui ne permet pas d’identifier l’Utilisateur mais sert à enregistrer des informations relatives à la navigation de celui-ci sur le site Internet. L’Utilisateur pourra désactiver ce cookie par l’intermédiaire des paramètres figurant au sein de son logiciel de navigation. Il peut consulter la page relative aux cookies pour en savoir plus.</p>



<p class="has-medium-font-size"><strong>7 &#8211; Propriété intellectuelle</strong></p>



<p>Toute utilisation, reproduction, diffusion, commercialisation, modification de toute ou partie du présent site, sans autorisation de l’Editeur est prohibée et pourra entraînée des actions et poursuites judiciaires telles que prévues par le Code de la propriété intellectuelle et le Code civil.</p>

<p>Conformément aux dispositions des Articles 6-III et 19 de la Loi n°2004-575 du 21 juin 2004 pour laConfiance dans l’économie numérique, dite L.C.E.N., il est porté à la connaissance des utilisateurs de cesite les présentes mentions légales.La connexion et la navigation sur le site par l’utilisateur implique acceptation intégrale et sans réservedes présentes mentions légales.Ces<a class="more-link" href="https://evosges.fr/index.php/mentions-legales/">Lire la suite de <span class="screen-reader-text">« Mentions légales »</span></a></p>
