{"id":295,"date":"2019-05-22T12:59:08","date_gmt":"2019-05-22T11:59:08","guid":{"rendered":"https:\/\/evosges.wordpress.com\/?page_id=295"},"modified":"2024-12-05T09:00:39","modified_gmt":"2024-12-05T08:00:39","slug":"ecole-2","status":"publish","type":"page","link":"https:\/\/evosges.fr\/index.php\/ecole-2\/","title":{"rendered":"\u00c9cole &#8211; Aranc\/\u00c9vosges"},"content":{"rendered":"\n<h3 class=\"wp-block-heading\">LE SIVU SCOLAIRE<\/h3>\n\n\n\n<p>Le SIVU (Syndicat Intercommunal \u00e0 Vocation Unique) scolaire d\u2019ARANC-\u00c9VOSGES est n\u00e9 de la volont\u00e9 des deux petites communes d\u2019Aranc et d\u2019\u00c9vosges de pouvoir maintenir une \u00e9cole dans chaque village. Le SIVU scolaire a vu le jour en septembre 2003.<br>Les deux \u00e9coles communales accueillaient alors les \u00e9l\u00e8ves de maternelle, CP et CE1 \u00e0 Aranc et de CE2 et CM \u00e0 \u00c9vosges. Cette r\u00e9partition varie en fonction des effectifs dans chaque tranche d\u2019\u00e2ge des \u00e9l\u00e8ves.<br>Depuis quelques ann\u00e9es, le SIVU scolaire accueille aussi des \u00e9l\u00e8ves provenant de la commune de Corlier et d\u2019autres communes ext\u00e9rieures.<br>Le pr\u00e9sident du SIVU est \u00e0 ce jour Monsieur le Maire d\u2019\u00c9vosges et Monsieur le Maire d\u2019Aranc en est le vice-pr\u00e9sident. Des d\u00e9l\u00e9gu\u00e9s des conseils municipaux repr\u00e9sentent chaque commune.<\/p>\n\n\n\n<blockquote class=\"wp-block-quote is-layout-flow wp-block-quote-is-layout-flow\"><p>&gt; <a rel=\"noreferrer noopener\" href=\"https:\/\/rpi-aranc-evosges.etab.ac-lyon.fr\/spip\/?lang=fr\" target=\"_blank\">Site du RPI (Regroupement P\u00e9dagogique Intercommunal) Aranc-<\/a><a rel=\"noreferrer noopener\" href=\"https:\/\/rpi-aranc-evosges.etab.ac-lyon.fr\/spip\/?lang=fr\" target=\"_blank\">\u00c9<\/a><a rel=\"noreferrer noopener\" href=\"https:\/\/rpi-aranc-evosges.etab.ac-lyon.fr\/spip\/?lang=fr\" target=\"_blank\">vosges<\/a><\/p><\/blockquote>\n\n\n\n<h3 class=\"wp-block-heading\">ENSEIGNANTS ET PERSONNEL<\/h3>\n\n\n\n<p><strong>Les enseignants du SIVU :<\/strong><\/p>\n\n\n\n<p>Pour l\u2019\u00e9cole d\u2019Aranc : Madame Clotilde LANCON, classes maternelles, CP, CE1.<br>Pour l\u2019\u00e9cole d\u2019\u00c9vosges : Monsieur St\u00e9phane BELLEFIN, classes de CE2, CM1, CM2.<\/p>\n\n\n\n<p><strong>Personnel du SIVU scolaire :<\/strong><\/p>\n\n\n\n<p>Agents de restauration scolaire et d\u2019entretien : Sandra RIVAT et Agn\u00e8s GIVAUDAN.<br>Secr\u00e9taire : Maryline THIEBAUT<\/p>\n\n\n\n<h3 class=\"wp-block-heading\">CONTACT<\/h3>\n\n\n\n<div class=\"wp-block-media-text alignwide is-stacked-on-mobile\" style=\"grid-template-columns:15% auto\"><figure class=\"wp-block-media-text__media\"><img loading=\"lazy\" decoding=\"async\" width=\"720\" height=\"720\" src=\"https:\/\/evosges.fr\/wp-content\/uploads\/2024\/11\/phone.jpg\" alt=\"\" class=\"wp-image-2079 size-full\" srcset=\"https:\/\/evosges.fr\/wp-content\/uploads\/2024\/11\/phone.jpg 720w, https:\/\/evosges.fr\/wp-content\/uploads\/2024\/11\/phone-300x300.jpg 300w, https:\/\/evosges.fr\/wp-content\/uploads\/2024\/11\/phone-150x150.jpg 150w, https:\/\/evosges.fr\/wp-content\/uploads\/2024\/11\/phone-100x100.jpg 100w, https:\/\/evosges.fr\/wp-content\/uploads\/2024\/11\/phone-600x600.jpg 600w\" sizes=\"auto, (max-width: 720px) 100vw, 720px\" \/><\/figure><div class=\"wp-block-media-text__content\">\n<p><strong>Secr\u00e9tariat : 04 74 38 55 60 (Mairie d&rsquo;\u00c9vosges)<\/strong><\/p>\n<\/div><\/div>\n","protected":false},"excerpt":{"rendered":"<p>LE SIVU SCOLAIRE Le SIVU (Syndicat Intercommunal \u00e0 Vocation Unique) scolaire d\u2019ARANC-\u00c9VOSGES est n\u00e9 de la volont\u00e9 des deux petites communes d\u2019Aranc et d\u2019\u00c9vosges de pouvoir maintenir une \u00e9cole dans chaque village. Le SIVU scolaire a vu le jour en septembre 2003.Les deux \u00e9coles communales accueillaient alors les \u00e9l\u00e8ves de maternelle, CP et CE1 \u00e0<a class=\"more-link\" href=\"https:\/\/evosges.fr\/index.php\/ecole-2\/\">Lire la suite de <span class=\"screen-reader-text\">\u00ab\u00a0\u00c9cole &#8211; Aranc\/\u00c9vosges\u00a0\u00bb<\/span><\/a><\/p>\n","protected":false},"author":3,"featured_media":0,"parent":0,"menu_order":0,"comment_status":"closed","ping_status":"closed","template":"","meta":{"footnotes":""},"tags":[],"class_list":["post-295","page","type-page","status-publish","hentry"],"jetpack_sharing_enabled":true,"_links":{"self":[{"href":"https:\/\/evosges.fr\/index.php\/wp-json\/wp\/v2\/pages\/295","targetHints":{"allow":["GET"]}}],"collection":[{"href":"https:\/\/evosges.fr\/index.php\/wp-json\/wp\/v2\/pages"}],"about":[{"href":"https:\/\/evosges.fr\/index.php\/wp-json\/wp\/v2\/types\/page"}],"author":[{"embeddable":true,"href":"https:\/\/evosges.fr\/index.php\/wp-json\/wp\/v2\/users\/3"}],"replies":[{"embeddable":true,"href":"https:\/\/evosges.fr\/index.php\/wp-json\/wp\/v2\/comments?post=295"}],"version-history":[{"count":19,"href":"https:\/\/evosges.fr\/index.php\/wp-json\/wp\/v2\/pages\/295\/revisions"}],"predecessor-version":[{"id":2404,"href":"https:\/\/evosges.fr\/index.php\/wp-json\/wp\/v2\/pages\/295\/revisions\/2404"}],"wp:attachment":[{"href":"https:\/\/evosges.fr\/index.php\/wp-json\/wp\/v2\/media?parent=295"}],"wp:term":[{"taxonomy":"post_tag","embeddable":true,"href":"https:\/\/evosges.fr\/index.php\/wp-json\/wp\/v2\/tags?post=295"}],"curies":[{"name":"wp","href":"https:\/\/api.w.org\/{rel}","templated":true}]}}

École &#8211; Aranc/Évosges

<h3 class="wp-block-heading">LE SIVU SCOLAIRE</h3>



<p>Le SIVU (Syndicat Intercommunal à Vocation Unique) scolaire d’ARANC-ÉVOSGES est né de la volonté des deux petites communes d’Aranc et d’Évosges de pouvoir maintenir une école dans chaque village. Le SIVU scolaire a vu le jour en septembre 2003.<br>Les deux écoles communales accueillaient alors les élèves de maternelle, CP et CE1 à Aranc et de CE2 et CM à Évosges. Cette répartition varie en fonction des effectifs dans chaque tranche d’âge des élèves.<br>Depuis quelques années, le SIVU scolaire accueille aussi des élèves provenant de la commune de Corlier et d’autres communes extérieures.<br>Le président du SIVU est à ce jour Monsieur le Maire d’Évosges et Monsieur le Maire d’Aranc en est le vice-président. Des délégués des conseils municipaux représentent chaque commune.</p>



<blockquote class="wp-block-quote is-layout-flow wp-block-quote-is-layout-flow"><p>&gt; <a rel="noreferrer noopener" href="https://rpi-aranc-evosges.etab.ac-lyon.fr/spip/?lang=fr" target="_blank">Site du RPI (Regroupement Pédagogique Intercommunal) Aranc-</a><a rel="noreferrer noopener" href="https://rpi-aranc-evosges.etab.ac-lyon.fr/spip/?lang=fr" target="_blank">É</a><a rel="noreferrer noopener" href="https://rpi-aranc-evosges.etab.ac-lyon.fr/spip/?lang=fr" target="_blank">vosges</a></p></blockquote>



<h3 class="wp-block-heading">ENSEIGNANTS ET PERSONNEL</h3>



<p><strong>Les enseignants du SIVU :</strong></p>



<p>Pour l’école d’Aranc : Madame Clotilde LANCON, classes maternelles, CP, CE1.<br>Pour l’école d’Évosges : Monsieur Stéphane BELLEFIN, classes de CE2, CM1, CM2.</p>



<p><strong>Personnel du SIVU scolaire :</strong></p>



<p>Agents de restauration scolaire et d’entretien : Sandra RIVAT et Agnès GIVAUDAN.<br>Secrétaire : Maryline THIEBAUT</p>



<h3 class="wp-block-heading">CONTACT</h3>



<div class="wp-block-media-text alignwide is-stacked-on-mobile" style="grid-template-columns:15% auto"><figure class="wp-block-media-text__media"><img loading="lazy" decoding="async" width="720" height="720" src="https://evosges.fr/wp-content/uploads/2024/11/phone.jpg" alt="" class="wp-image-2079 size-full" srcset="https://evosges.fr/wp-content/uploads/2024/11/phone.jpg 720w, https://evosges.fr/wp-content/uploads/2024/11/phone-300x300.jpg 300w, https://evosges.fr/wp-content/uploads/2024/11/phone-150x150.jpg 150w, https://evosges.fr/wp-content/uploads/2024/11/phone-100x100.jpg 100w, https://evosges.fr/wp-content/uploads/2024/11/phone-600x600.jpg 600w" sizes="auto, (max-width: 720px) 100vw, 720px" /></figure><div class="wp-block-media-text__content">
<p><strong>Secrétariat : 04 74 38 55 60 (Mairie d&rsquo;Évosges)</strong></p>
</div></div>

<p>LE SIVU SCOLAIRE Le SIVU (Syndicat Intercommunal à Vocation Unique) scolaire d’ARANC-ÉVOSGES est né de la volonté des deux petites communes d’Aranc et d’Évosges de pouvoir maintenir une école dans chaque village. Le SIVU scolaire a vu le jour en septembre 2003.Les deux écoles communales accueillaient alors les élèves de maternelle, CP et CE1 à<a class="more-link" href="https://evosges.fr/index.php/ecole-2/">Lire la suite de <span class="screen-reader-text">« École &#8211; Aranc/Évosges »</span></a></p>
