{"id":351,"date":"2019-05-22T13:50:50","date_gmt":"2019-05-22T12:50:50","guid":{"rendered":"https:\/\/evosges.wordpress.com\/?page_id=351"},"modified":"2025-04-04T10:46:45","modified_gmt":"2025-04-04T08:46:45","slug":"loisirs-sur-place","status":"publish","type":"page","link":"https:\/\/evosges.fr\/index.php\/loisirs-sur-place\/","title":{"rendered":"Loisirs sur place"},"content":{"rendered":"\n<h3 class=\"wp-block-heading\">L&rsquo;\u00c9TANG DE BUYNAND &#8211; P\u00caCHE<\/h3>\n\n\n\n<div class=\"wp-block-image\"><figure class=\"aligncenter size-large is-resized\"><img loading=\"lazy\" decoding=\"async\" src=\"https:\/\/evosges.fr\/wp-content\/uploads\/2019\/12\/20170525_112307.jpg?w=900\" alt=\"\" class=\"wp-image-840\" width=\"567\" height=\"318\"\/><\/figure><\/div>\n\n\n\n<p>L&rsquo;\u00e9tang de Buynand a \u00e9t\u00e9 am\u00e9nag\u00e9 en 1992 \u00e0 l&rsquo;extr\u00e9mit\u00e9 ouest du village.<\/p>\n\n\n\n<p>La p\u00eache dans l&rsquo;\u00e9tang est autoris\u00e9e sous conditions. La \u00ab\u00a0soci\u00e9t\u00e9 de p\u00eache de Buynand\u00a0\u00bb, association locale, assure la gestion de la pratique de la p\u00eache \u00e0 l\u2019\u00e9tang. Retrouvez les tarifs des cartes de p\u00eache dans la <a rel=\"noreferrer noopener\" href=\"https:\/\/evosges.fr\/index.php\/boutique\/\" target=\"_blank\">boutique<\/a>.<\/p>\n\n\n\n<p>La baignade est interdite.<\/p>\n\n\n\n<h3 class=\"wp-block-heading\">LA RANDONN\u00c9E<\/h3>\n\n\n\n<p>Depuis mai 2016, chaque mardi, un petit groupe de randonneurs se forme. Le nombre de marcheurs varie de 2 \u00e0 12. Le rendez-vous a lieu sur la place de l\u2019\u00e9cole \u00e0 9 heures quand le temps le permet. L\u2019itin\u00e9raire est souvent d\u00e9cid\u00e9 le matin m\u00eame en fonction des participants, de leur disponibilit\u00e9 et de leur condition physique. Le groupe se scinde parfois en deux pour permettre \u00e0 ceux qui le veulent de rentrer plus t\u00f4t et aux autres de rallonger le parcours. Les chemins arpent\u00e9s sont ceux d&rsquo;\u00c9vosges, mais aussi, ceux de Lacoux, Argis, Oncieu, Aranc, Plateau de Suerme, (parfois avec le pique-nique), Br\u00e9nod, le plateau de Retord\u2026<\/p>\n\n\n\n<p>Rendez-vous le <strong>mardi matin<\/strong> <strong>\u00e0 9h sur la place du village<\/strong>.<\/p>\n\n\n\n<figure class=\"wp-block-image size-large is-resized\"><img loading=\"lazy\" decoding=\"async\" src=\"https:\/\/evosges.fr\/wp-content\/uploads\/2025\/04\/2025-03-25-randonnee-du-mardi-1024x495.jpg\" alt=\"\" class=\"wp-image-3146\" width=\"840\" height=\"406\" srcset=\"https:\/\/evosges.fr\/wp-content\/uploads\/2025\/04\/2025-03-25-randonnee-du-mardi-1024x495.jpg 1024w, https:\/\/evosges.fr\/wp-content\/uploads\/2025\/04\/2025-03-25-randonnee-du-mardi-300x145.jpg 300w, https:\/\/evosges.fr\/wp-content\/uploads\/2025\/04\/2025-03-25-randonnee-du-mardi-768x371.jpg 768w, https:\/\/evosges.fr\/wp-content\/uploads\/2025\/04\/2025-03-25-randonnee-du-mardi-1536x742.jpg 1536w, https:\/\/evosges.fr\/wp-content\/uploads\/2025\/04\/2025-03-25-randonnee-du-mardi-600x290.jpg 600w, https:\/\/evosges.fr\/wp-content\/uploads\/2025\/04\/2025-03-25-randonnee-du-mardi.jpg 2048w\" sizes=\"auto, (max-width: 840px) 100vw, 840px\" \/><\/figure>\n\n\n\n<p class=\"has-text-align-center has-small-font-size\"><em>Randonn\u00e9e du 25 mars 2025 &#8211; Les cr\u00eates de Narse<\/em><\/p>\n\n\n\n<h3 class=\"wp-block-heading\">LA CABANE \u00c0 LIRE<\/h3>\n\n\n\n<div class=\"wp-block-image\"><figure class=\"aligncenter size-medium\"><img loading=\"lazy\" decoding=\"async\" width=\"186\" height=\"300\" src=\"https:\/\/evosges.fr\/wp-content\/uploads\/2019\/12\/20191210_150656-2-186x300.jpg\" alt=\"\" class=\"wp-image-832\" srcset=\"https:\/\/evosges.fr\/wp-content\/uploads\/2019\/12\/20191210_150656-2-186x300.jpg 186w, https:\/\/evosges.fr\/wp-content\/uploads\/2019\/12\/20191210_150656-2-600x967.jpg 600w, https:\/\/evosges.fr\/wp-content\/uploads\/2019\/12\/20191210_150656-2-768x1238.jpg 768w, https:\/\/evosges.fr\/wp-content\/uploads\/2019\/12\/20191210_150656-2-635x1024.jpg 635w, https:\/\/evosges.fr\/wp-content\/uploads\/2019\/12\/20191210_150656-2-1568x2527.jpg 1568w, https:\/\/evosges.fr\/wp-content\/uploads\/2019\/12\/20191210_150656-2-scaled.jpg 1589w\" sizes=\"auto, (max-width: 186px) 100vw, 186px\" \/><\/figure><\/div>\n\n\n\n<p>Une cabane \u00e0 lire a \u00e9t\u00e9 r\u00e9alis\u00e9e en juin 2018 \u00e0 l&rsquo;initiative du conseil municipal et quelques b\u00e9n\u00e9voles, Ariele Traversaz et Denis Carrier. Elle est situ\u00e9e dans la rue principale du village. <\/p>\n\n\n\n<ul class=\"wp-block-list\"><li>Des livres et revues sont en acc\u00e8s libre et autonome.<\/li><li>Vous pouvez les consulter, les prendre, les garder, les emprunter et les remettre, d\u00e9poser vos propres livres et revues.<\/li><li>Nous comptons sur votre bon sens et votre civisme pour que ces livres ne fassent l\u2019objet d\u2019aucune transaction commerciale.<\/li><li>Les livres et revues que vous d\u00e9posez doivent \u00eatre de bon go\u00fbt, en bon \u00e9tat et d\u2019une qualit\u00e9 litt\u00e9raire reconnue.<\/li><li>En \u00e9tant pr\u00e9cautionneux, ce lieu pourra rester convivial pour tous, propre et agr\u00e9able.<\/li><\/ul>\n\n\n\n<h3 class=\"wp-block-heading\">LE JARDIN D&rsquo;ENFANTS<\/h3>\n\n\n\n<figure class=\"wp-block-image size-large\"><img decoding=\"async\" src=\"https:\/\/evosges.fr\/wp-content\/uploads\/2019\/12\/20170719_091747.jpg?w=900\" alt=\"\" class=\"wp-image-838\"\/><\/figure>\n\n\n\n<p>L&rsquo;aire de jeux pour les jeunes enfants se situe en dessous de la place du village, un peu plus bas que le city-stade et les jeux de boules. Cet espace \u00e9tant clos, il permet de contenir les jeunes enfants et de les pr\u00e9server des dangers de la route. L\u2019aire est ouverte \u00e0 tous les enfants sous la responsabilit\u00e9 des parents.<\/p>\n\n\n\n<h3 class=\"wp-block-heading\">TERRAIN MULTISPORTS<\/h3>\n\n\n\n<div class=\"wp-block-image\"><figure class=\"aligncenter size-large is-resized\"><img loading=\"lazy\" decoding=\"async\" src=\"https:\/\/evosges.fr\/wp-content\/uploads\/2019\/12\/20160927_145503-copie.jpg?w=900\" alt=\"\" class=\"wp-image-833\" width=\"503\" height=\"448\" srcset=\"https:\/\/evosges.fr\/wp-content\/uploads\/2019\/12\/20160927_145503-copie.jpg 2322w, https:\/\/evosges.fr\/wp-content\/uploads\/2019\/12\/20160927_145503-copie-600x534.jpg 600w, https:\/\/evosges.fr\/wp-content\/uploads\/2019\/12\/20160927_145503-copie-300x267.jpg 300w, https:\/\/evosges.fr\/wp-content\/uploads\/2019\/12\/20160927_145503-copie-768x684.jpg 768w, https:\/\/evosges.fr\/wp-content\/uploads\/2019\/12\/20160927_145503-copie-1024x912.jpg 1024w, https:\/\/evosges.fr\/wp-content\/uploads\/2019\/12\/20160927_145503-copie-1568x1396.jpg 1568w\" sizes=\"auto, (max-width: 503px) 100vw, 503px\" \/><\/figure><\/div>\n\n\n\n<p>Le terrain multisports se situe en dessous de la place du village.<\/p>\n\n\n\n<h3 class=\"wp-block-heading\">TERRAIN DE BOULES<\/h3>\n\n\n\n<p>Un terrain pour les jeux de boules a \u00e9t\u00e9 am\u00e9nag\u00e9 sous la place du village. Utilis\u00e9 durant la belle saison, il est accessible \u00e0 tous. Attenant \u00e0 ce terrain, un b\u00e2timent-buvette baptis\u00e9&nbsp;: \u00ab&nbsp;La cabane des Boules&nbsp;\u00bb a \u00e9t\u00e9 construit par des b\u00e9n\u00e9voles de la soci\u00e9t\u00e9 de boules il y a une vingtaine d\u2019ann\u00e9es. Il permet de se r\u00e9unir et participe \u00e0 la convivialit\u00e9 du lieu. La buvette est ouverte tous les dimanches \u00e0 partir de 12h.<\/p>\n","protected":false},"excerpt":{"rendered":"<p>L&rsquo;\u00c9TANG DE BUYNAND &#8211; P\u00caCHE L&rsquo;\u00e9tang de Buynand a \u00e9t\u00e9 am\u00e9nag\u00e9 en 1992 \u00e0 l&rsquo;extr\u00e9mit\u00e9 ouest du village. La p\u00eache dans l&rsquo;\u00e9tang est autoris\u00e9e sous conditions. La \u00ab\u00a0soci\u00e9t\u00e9 de p\u00eache de Buynand\u00a0\u00bb, association locale, assure la gestion de la pratique de la p\u00eache \u00e0 l\u2019\u00e9tang. Retrouvez les tarifs des cartes de p\u00eache dans la boutique.<a class=\"more-link\" href=\"https:\/\/evosges.fr\/index.php\/loisirs-sur-place\/\">Lire la suite de <span class=\"screen-reader-text\">\u00ab\u00a0Loisirs sur place\u00a0\u00bb<\/span><\/a><\/p>\n","protected":false},"author":2,"featured_media":0,"parent":0,"menu_order":0,"comment_status":"closed","ping_status":"closed","template":"","meta":{"footnotes":""},"tags":[],"class_list":["post-351","page","type-page","status-publish","hentry"],"jetpack_sharing_enabled":true,"_links":{"self":[{"href":"https:\/\/evosges.fr\/index.php\/wp-json\/wp\/v2\/pages\/351","targetHints":{"allow":["GET"]}}],"collection":[{"href":"https:\/\/evosges.fr\/index.php\/wp-json\/wp\/v2\/pages"}],"about":[{"href":"https:\/\/evosges.fr\/index.php\/wp-json\/wp\/v2\/types\/page"}],"author":[{"embeddable":true,"href":"https:\/\/evosges.fr\/index.php\/wp-json\/wp\/v2\/users\/2"}],"replies":[{"embeddable":true,"href":"https:\/\/evosges.fr\/index.php\/wp-json\/wp\/v2\/comments?post=351"}],"version-history":[{"count":17,"href":"https:\/\/evosges.fr\/index.php\/wp-json\/wp\/v2\/pages\/351\/revisions"}],"predecessor-version":[{"id":3164,"href":"https:\/\/evosges.fr\/index.php\/wp-json\/wp\/v2\/pages\/351\/revisions\/3164"}],"wp:attachment":[{"href":"https:\/\/evosges.fr\/index.php\/wp-json\/wp\/v2\/media?parent=351"}],"wp:term":[{"taxonomy":"post_tag","embeddable":true,"href":"https:\/\/evosges.fr\/index.php\/wp-json\/wp\/v2\/tags?post=351"}],"curies":[{"name":"wp","href":"https:\/\/api.w.org\/{rel}","templated":true}]}}

<h3 class="wp-block-heading">L&rsquo;ÉTANG DE BUYNAND &#8211; PÊCHE</h3>



<div class="wp-block-image"><figure class="aligncenter size-large is-resized"><img loading="lazy" decoding="async" src="https://evosges.fr/wp-content/uploads/2019/12/20170525_112307.jpg?w=900" alt="" class="wp-image-840" width="567" height="318"/></figure></div>



<p>L&rsquo;étang de Buynand a été aménagé en 1992 à l&rsquo;extrémité ouest du village.</p>



<p>La pêche dans l&rsquo;étang est autorisée sous conditions. La « société de pêche de Buynand », association locale, assure la gestion de la pratique de la pêche à l’étang. Retrouvez les tarifs des cartes de pêche dans la <a rel="noreferrer noopener" href="https://evosges.fr/index.php/boutique/" target="_blank">boutique</a>.</p>



<p>La baignade est interdite.</p>



<h3 class="wp-block-heading">LA RANDONNÉE</h3>



<p>Depuis mai 2016, chaque mardi, un petit groupe de randonneurs se forme. Le nombre de marcheurs varie de 2 à 12. Le rendez-vous a lieu sur la place de l’école à 9 heures quand le temps le permet. L’itinéraire est souvent décidé le matin même en fonction des participants, de leur disponibilité et de leur condition physique. Le groupe se scinde parfois en deux pour permettre à ceux qui le veulent de rentrer plus tôt et aux autres de rallonger le parcours. Les chemins arpentés sont ceux d&rsquo;Évosges, mais aussi, ceux de Lacoux, Argis, Oncieu, Aranc, Plateau de Suerme, (parfois avec le pique-nique), Brénod, le plateau de Retord…</p>



<p>Rendez-vous le <strong>mardi matin</strong> <strong>à 9h sur la place du village</strong>.</p>



<figure class="wp-block-image size-large is-resized"><img loading="lazy" decoding="async" src="https://evosges.fr/wp-content/uploads/2025/04/2025-03-25-randonnee-du-mardi-1024x495.jpg" alt="" class="wp-image-3146" width="840" height="406" srcset="https://evosges.fr/wp-content/uploads/2025/04/2025-03-25-randonnee-du-mardi-1024x495.jpg 1024w, https://evosges.fr/wp-content/uploads/2025/04/2025-03-25-randonnee-du-mardi-300x145.jpg 300w, https://evosges.fr/wp-content/uploads/2025/04/2025-03-25-randonnee-du-mardi-768x371.jpg 768w, https://evosges.fr/wp-content/uploads/2025/04/2025-03-25-randonnee-du-mardi-1536x742.jpg 1536w, https://evosges.fr/wp-content/uploads/2025/04/2025-03-25-randonnee-du-mardi-600x290.jpg 600w, https://evosges.fr/wp-content/uploads/2025/04/2025-03-25-randonnee-du-mardi.jpg 2048w" sizes="auto, (max-width: 840px) 100vw, 840px" /></figure>



<p class="has-text-align-center has-small-font-size"><em>Randonnée du 25 mars 2025 &#8211; Les crêtes de Narse</em></p>



<h3 class="wp-block-heading">LA CABANE À LIRE</h3>



<div class="wp-block-image"><figure class="aligncenter size-medium"><img loading="lazy" decoding="async" width="186" height="300" src="https://evosges.fr/wp-content/uploads/2019/12/20191210_150656-2-186x300.jpg" alt="" class="wp-image-832" srcset="https://evosges.fr/wp-content/uploads/2019/12/20191210_150656-2-186x300.jpg 186w, https://evosges.fr/wp-content/uploads/2019/12/20191210_150656-2-600x967.jpg 600w, https://evosges.fr/wp-content/uploads/2019/12/20191210_150656-2-768x1238.jpg 768w, https://evosges.fr/wp-content/uploads/2019/12/20191210_150656-2-635x1024.jpg 635w, https://evosges.fr/wp-content/uploads/2019/12/20191210_150656-2-1568x2527.jpg 1568w, https://evosges.fr/wp-content/uploads/2019/12/20191210_150656-2-scaled.jpg 1589w" sizes="auto, (max-width: 186px) 100vw, 186px" /></figure></div>



<p>Une cabane à lire a été réalisée en juin 2018 à l&rsquo;initiative du conseil municipal et quelques bénévoles, Ariele Traversaz et Denis Carrier. Elle est située dans la rue principale du village. </p>



<ul class="wp-block-list"><li>Des livres et revues sont en accès libre et autonome.</li><li>Vous pouvez les consulter, les prendre, les garder, les emprunter et les remettre, déposer vos propres livres et revues.</li><li>Nous comptons sur votre bon sens et votre civisme pour que ces livres ne fassent l’objet d’aucune transaction commerciale.</li><li>Les livres et revues que vous déposez doivent être de bon goût, en bon état et d’une qualité littéraire reconnue.</li><li>En étant précautionneux, ce lieu pourra rester convivial pour tous, propre et agréable.</li></ul>



<h3 class="wp-block-heading">LE JARDIN D&rsquo;ENFANTS</h3>



<figure class="wp-block-image size-large"><img decoding="async" src="https://evosges.fr/wp-content/uploads/2019/12/20170719_091747.jpg?w=900" alt="" class="wp-image-838"/></figure>



<p>L&rsquo;aire de jeux pour les jeunes enfants se situe en dessous de la place du village, un peu plus bas que le city-stade et les jeux de boules. Cet espace étant clos, il permet de contenir les jeunes enfants et de les préserver des dangers de la route. L’aire est ouverte à tous les enfants sous la responsabilité des parents.</p>



<h3 class="wp-block-heading">TERRAIN MULTISPORTS</h3>



<div class="wp-block-image"><figure class="aligncenter size-large is-resized"><img loading="lazy" decoding="async" src="https://evosges.fr/wp-content/uploads/2019/12/20160927_145503-copie.jpg?w=900" alt="" class="wp-image-833" width="503" height="448" srcset="https://evosges.fr/wp-content/uploads/2019/12/20160927_145503-copie.jpg 2322w, https://evosges.fr/wp-content/uploads/2019/12/20160927_145503-copie-600x534.jpg 600w, https://evosges.fr/wp-content/uploads/2019/12/20160927_145503-copie-300x267.jpg 300w, https://evosges.fr/wp-content/uploads/2019/12/20160927_145503-copie-768x684.jpg 768w, https://evosges.fr/wp-content/uploads/2019/12/20160927_145503-copie-1024x912.jpg 1024w, https://evosges.fr/wp-content/uploads/2019/12/20160927_145503-copie-1568x1396.jpg 1568w" sizes="auto, (max-width: 503px) 100vw, 503px" /></figure></div>



<p>Le terrain multisports se situe en dessous de la place du village.</p>



<h3 class="wp-block-heading">TERRAIN DE BOULES</h3>



<p>Un terrain pour les jeux de boules a été aménagé sous la place du village. Utilisé durant la belle saison, il est accessible à tous. Attenant à ce terrain, un bâtiment-buvette baptisé&nbsp;: «&nbsp;La cabane des Boules&nbsp;» a été construit par des bénévoles de la société de boules il y a une vingtaine d’années. Il permet de se réunir et participe à la convivialité du lieu. La buvette est ouverte tous les dimanches à partir de 12h.</p>

<p>L&rsquo;ÉTANG DE BUYNAND &#8211; PÊCHE L&rsquo;étang de Buynand a été aménagé en 1992 à l&rsquo;extrémité ouest du village. La pêche dans l&rsquo;étang est autorisée sous conditions. La « société de pêche de Buynand », association locale, assure la gestion de la pratique de la pêche à l’étang. Retrouvez les tarifs des cartes de pêche dans la boutique.<a class="more-link" href="https://evosges.fr/index.php/loisirs-sur-place/">Lire la suite de <span class="screen-reader-text">« Loisirs sur place »</span></a></p>
